Dec 01 17:23:08.251 INFO testing flosse/openfairdb against master#8940af3cea4a9a9deabcaf843b2f8cad9a83fc61 for beta-1.31-5
Dec 01 17:23:08.251 INFO running `"docker" "create" "-v" "/mnt/big/crater/work/local/target-dirs/beta-1.31-5/worker-2/master#8940af3cea4a9a9deabcaf843b2f8cad9a83fc61:/target:rw,Z" "-v" "/mnt/big/crater/work/local/test-source/worker-2/beta-1.31-5/master#8940af3cea4a9a9deabcaf843b2f8cad9a83fc61:/source:ro,Z" "-v" "/mnt/big/crater/work/local/cargo-home:/cargo-home:ro,Z" "-v" "/mnt/big/crater/work/local/rustup-home:/rustup-home:ro,Z" "-e" "USER_ID=1000" "-e" "SOURCE_DIR=/source" "-e" "USER_ID=1000" "-e" "CMD=cargo +8940af3cea4a9a9deabcaf843b2f8cad9a83fc61-alt build --frozen" "-e" "CARGO_TARGET_DIR=/target" "-e" "CARGO_INCREMENTAL=0" "-e" "RUST_BACKTRACE=full" "-e" "RUSTFLAGS=--cap-lints=warn" "-e" "CARGO_HOME=/cargo-home" "-e" "RUSTUP_HOME=/rustup-home" "-m" "1536M" "--network" "none" "crater"`
Dec 01 17:23:08.766 INFO [stdout] 2a9d360f1d8551aca88286be8dfe3e9af9f6381c560b887bb1e36c410a599222
Dec 01 17:23:08.768 INFO running `"docker" "start" "-a" "2a9d360f1d8551aca88286be8dfe3e9af9f6381c560b887bb1e36c410a599222"`
Dec 01 17:23:10.637 INFO [stderr] usermod: no changes
Dec 01 17:23:11.093 INFO [stderr]    Compiling ascii_utils v0.9.3
Dec 01 17:23:11.094 INFO [stderr]    Compiling quoted_printable v0.4.0
Dec 01 17:23:11.122 INFO [stderr]    Compiling pear_codegen v0.0.20
Dec 01 17:23:11.124 INFO [stderr]    Compiling rocket v0.3.17
Dec 01 17:23:11.125 INFO [stderr]    Compiling rocket_codegen v0.3.17
Dec 01 17:23:11.131 INFO [stderr]    Compiling pwhash v0.2.0
Dec 01 17:23:11.132 INFO [stderr]    Compiling hyper v0.10.15
Dec 01 17:23:11.132 INFO [stderr]    Compiling rayon v0.7.1
Dec 01 17:23:11.740 INFO [stderr] error: failed to run custom build command for `rocket v0.3.17`
Dec 01 17:23:11.740 INFO [stderr] process didn't exit successfully: `/target/debug/build/rocket-6877f3be50dcc505/build-script-build` (exit code: 101)
Dec 01 17:23:11.740 INFO [stderr] --- stderr
Dec 01 17:23:11.740 INFO [stderr] [1;31mError:[0m [37mRocket requires a nightly or dev version of Rust.[0m
Dec 01 17:23:11.740 INFO [stderr] [37mInstalled version is:[0m [33m1.31.0-beta.20 (2018-11-30)[0m. [37mMinimum required:[0m [33m1.27.0-nightly (2018-04-26)[0m.
Dec 01 17:23:11.740 INFO [stderr] [34mSee the getting started guide ([0m[37mhttps://rocket.rs/guide/getting-started/[0m[34m) for more information.[0m
Dec 01 17:23:11.740 INFO [stderr] thread 'main' panicked at 'Aborting compilation due to incompatible compiler.', /cargo-home/registry/src/github.com-1ecc6299db9ec823/rocket-0.3.17/build.rs:38:13
Dec 01 17:23:11.740 INFO [stderr] stack backtrace:
Dec 01 17:23:11.740 INFO [stderr]    0:     0x556fca19a4bf - std::sys::unix::backtrace::tracing::imp::unwind_backtrace::h3a8b83e1922cbdde
Dec 01 17:23:11.740 INFO [stderr]                                at libstd/sys/unix/backtrace/tracing/gcc_s.rs:49
Dec 01 17:23:11.740 INFO [stderr]    1:     0x556fca1a5e97 - std::sys_common::backtrace::print::h00d3155a29b4020f
Dec 01 17:23:11.740 INFO [stderr]                                at libstd/sys_common/backtrace.rs:71
Dec 01 17:23:11.740 INFO [stderr]                                at libstd/sys_common/backtrace.rs:59
Dec 01 17:23:11.740 INFO [stderr]    2:     0x556fca19ed5f - std::panicking::default_hook::{{closure}}::hd7465c742e79e1bb
Dec 01 17:23:11.740 INFO [stderr]                                at libstd/panicking.rs:211
Dec 01 17:23:11.740 INFO [stderr]    3:     0x556fca19eac4 - std::panicking::default_hook::h9e3966f2aa2a6e12
Dec 01 17:23:11.740 INFO [stderr]                                at libstd/panicking.rs:227
Dec 01 17:23:11.740 INFO [stderr]    4:     0x556fca19f38e - std::panicking::rust_panic_with_hook::h587f091ae747d080
Dec 01 17:23:11.740 INFO [stderr]                                at libstd/panicking.rs:476
Dec 01 17:23:11.740 INFO [stderr]    5:     0x556fca170ef3 - std::panicking::begin_panic::h23eecaef6526ec18
Dec 01 17:23:11.740 INFO [stderr]                                at libstd/panicking.rs:410
Dec 01 17:23:11.740 INFO [stderr]    6:     0x556fca16efb5 - build_script_build::main::hf4a58592e5df52f0
Dec 01 17:23:11.740 INFO [stderr]                                at /cargo-home/registry/src/github.com-1ecc6299db9ec823/rocket-0.3.17/build.rs:38
Dec 01 17:23:11.740 INFO [stderr]    7:     0x556fca1717df - std::rt::lang_start::{{closure}}::hfed5074a970f8a15
Dec 01 17:23:11.740 INFO [stderr]                                at libstd/rt.rs:74
Dec 01 17:23:11.740 INFO [stderr]    8:     0x556fca19ee02 - std::panicking::try::do_call::h52e7f80ff0fdcc45
Dec 01 17:23:11.740 INFO [stderr]                                at libstd/rt.rs:59
Dec 01 17:23:11.740 INFO [stderr]                                at libstd/panicking.rs:310
Dec 01 17:23:11.740 INFO [stderr]    9:     0x556fca1b0e49 - __rust_maybe_catch_panic
Dec 01 17:23:11.740 INFO [stderr]                                at libpanic_unwind/lib.rs:102
Dec 01 17:23:11.740 INFO [stderr]   10:     0x556fca18eb1a - std::rt::lang_start_internal::h38cae898de7f805c
Dec 01 17:23:11.740 INFO [stderr]                                at libstd/panicking.rs:289
Dec 01 17:23:11.740 INFO [stderr]                                at libstd/panic.rs:392
Dec 01 17:23:11.740 INFO [stderr]                                at libstd/rt.rs:58
Dec 01 17:23:11.740 INFO [stderr]   11:     0x556fca1717b8 - std::rt::lang_start::h646c4981e0fa06cc
Dec 01 17:23:11.740 INFO [stderr]                                at libstd/rt.rs:74
Dec 01 17:23:11.740 INFO [stderr]   12:     0x556fca16fe89 - main
Dec 01 17:23:11.740 INFO [stderr]   13:     0x7fa22231782f - __libc_start_main
Dec 01 17:23:11.740 INFO [stderr]   14:     0x556fca16e658 - _start
Dec 01 17:23:11.740 INFO [stderr]   15:                0x0 - <unknown>
Dec 01 17:23:11.740 INFO [stderr] 
Dec 01 17:23:11.741 INFO [stderr] warning: build failed, waiting for other jobs to finish...
Dec 01 17:23:11.776 INFO [stderr] error: failed to run custom build command for `pear_codegen v0.0.20`
Dec 01 17:23:11.776 INFO [stderr] process didn't exit successfully: `/target/debug/build/pear_codegen-545f8475d142af57/build-script-build` (exit code: 101)
Dec 01 17:23:11.776 INFO [stderr] --- stderr
Dec 01 17:23:11.776 INFO [stderr] [1;31mError:[0m [37mPear requires a nightly or dev version of Rust.[0m
Dec 01 17:23:11.776 INFO [stderr] [37mInstalled version is:[0m [33m1.31.0-beta.20 (2018-11-30)[0m. [37mMinimum required:[0m [33m1.30.0-nightly (2018-08-23)[0m.
Dec 01 17:23:11.776 INFO [stderr] thread 'main' panicked at 'Aborting compilation due to incompatible compiler.', /cargo-home/registry/src/github.com-1ecc6299db9ec823/pear_codegen-0.0.20/build.rs:31:13
Dec 01 17:23:11.776 INFO [stderr] stack backtrace:
Dec 01 17:23:11.776 INFO [stderr]    0:     0x5605576f127f - std::sys::unix::backtrace::tracing::imp::unwind_backtrace::h3a8b83e1922cbdde
Dec 01 17:23:11.776 INFO [stderr]                                at libstd/sys/unix/backtrace/tracing/gcc_s.rs:49
Dec 01 17:23:11.776 INFO [stderr]    1:     0x5605576fcc57 - std::sys_common::backtrace::print::h00d3155a29b4020f
Dec 01 17:23:11.776 INFO [stderr]                                at libstd/sys_common/backtrace.rs:71
Dec 01 17:23:11.776 INFO [stderr]                                at libstd/sys_common/backtrace.rs:59
Dec 01 17:23:11.776 INFO [stderr]    2:     0x5605576f5b1f - std::panicking::default_hook::{{closure}}::hd7465c742e79e1bb
Dec 01 17:23:11.776 INFO [stderr]                                at libstd/panicking.rs:211
Dec 01 17:23:11.776 INFO [stderr]    3:     0x5605576f5884 - std::panicking::default_hook::h9e3966f2aa2a6e12
Dec 01 17:23:11.776 INFO [stderr]                                at libstd/panicking.rs:227
Dec 01 17:23:11.776 INFO [stderr]    4:     0x5605576f614e - std::panicking::rust_panic_with_hook::h587f091ae747d080
Dec 01 17:23:11.776 INFO [stderr]                                at libstd/panicking.rs:476
Dec 01 17:23:11.776 INFO [stderr]    5:     0x5605576c7cb3 - std::panicking::begin_panic::h4e3730271beb8b92
Dec 01 17:23:11.776 INFO [stderr]                                at libstd/panicking.rs:410
Dec 01 17:23:11.776 INFO [stderr]    6:     0x5605576c5d78 - build_script_build::main::hd397855388fb565b
Dec 01 17:23:11.776 INFO [stderr]                                at /cargo-home/registry/src/github.com-1ecc6299db9ec823/pear_codegen-0.0.20/build.rs:31
Dec 01 17:23:11.776 INFO [stderr]    7:     0x5605576c859f - std::rt::lang_start::{{closure}}::h7b3193c265bb446b
Dec 01 17:23:11.776 INFO [stderr]                                at libstd/rt.rs:74
Dec 01 17:23:11.776 INFO [stderr]    8:     0x5605576f5bc2 - std::panicking::try::do_call::h52e7f80ff0fdcc45
Dec 01 17:23:11.776 INFO [stderr]                                at libstd/rt.rs:59
Dec 01 17:23:11.776 INFO [stderr]                                at libstd/panicking.rs:310
Dec 01 17:23:11.776 INFO [stderr]    9:     0x560557707c09 - __rust_maybe_catch_panic
Dec 01 17:23:11.776 INFO [stderr]                                at libpanic_unwind/lib.rs:102
Dec 01 17:23:11.776 INFO [stderr]   10:     0x5605576e58da - std::rt::lang_start_internal::h38cae898de7f805c
Dec 01 17:23:11.776 INFO [stderr]                                at libstd/panicking.rs:289
Dec 01 17:23:11.776 INFO [stderr]                                at libstd/panic.rs:392
Dec 01 17:23:11.776 INFO [stderr]                                at libstd/rt.rs:58
Dec 01 17:23:11.776 INFO [stderr]   11:     0x5605576c8578 - std::rt::lang_start::h40513075cbc2edc4
Dec 01 17:23:11.776 INFO [stderr]                                at libstd/rt.rs:74
Dec 01 17:23:11.776 INFO [stderr]   12:     0x5605576c6c49 - main
Dec 01 17:23:11.776 INFO [stderr]   13:     0x7f879acf682f - __libc_start_main
Dec 01 17:23:11.776 INFO [stderr]   14:     0x5605576c5658 - _start
Dec 01 17:23:11.776 INFO [stderr]   15:                0x0 - <unknown>
Dec 01 17:23:11.776 INFO [stderr] 
Dec 01 17:23:11.777 INFO [stderr] warning: build failed, waiting for other jobs to finish...
Dec 01 17:23:11.890 INFO [stderr] error: failed to run custom build command for `rocket_codegen v0.3.17`
Dec 01 17:23:11.890 INFO [stderr] process didn't exit successfully: `/target/debug/build/rocket_codegen-3a54d251231151b7/build-script-build` (exit code: 101)
Dec 01 17:23:11.890 INFO [stderr] --- stderr
Dec 01 17:23:11.890 INFO [stderr] [1;31mError:[0m [37mRocket requires a nightly or dev version of Rust.[0m
Dec 01 17:23:11.890 INFO [stderr] [37mInstalled version is:[0m [33m1.31.0-beta.20 (2018-11-30)[0m. [37mMinimum required:[0m [33m1.30.0-nightly (2018-08-23)[0m.
Dec 01 17:23:11.890 INFO [stderr] [34mSee the getting started guide ([0m[37mhttps://rocket.rs/guide/getting-started/[0m[34m) for more information.[0m
Dec 01 17:23:11.890 INFO [stderr] thread 'main' panicked at 'Aborting compilation due to incompatible compiler.', /cargo-home/registry/src/github.com-1ecc6299db9ec823/rocket_codegen-0.3.17/build.rs:38:17
Dec 01 17:23:11.890 INFO [stderr] stack backtrace:
Dec 01 17:23:11.890 INFO [stderr]    0:     0x55d37b2674af - std::sys::unix::backtrace::tracing::imp::unwind_backtrace::h3a8b83e1922cbdde
Dec 01 17:23:11.890 INFO [stderr]                                at libstd/sys/unix/backtrace/tracing/gcc_s.rs:49
Dec 01 17:23:11.890 INFO [stderr]    1:     0x55d37b272e87 - std::sys_common::backtrace::print::h00d3155a29b4020f
Dec 01 17:23:11.890 INFO [stderr]                                at libstd/sys_common/backtrace.rs:71
Dec 01 17:23:11.890 INFO [stderr]                                at libstd/sys_common/backtrace.rs:59
Dec 01 17:23:11.890 INFO [stderr]    2:     0x55d37b26bd4f - std::panicking::default_hook::{{closure}}::hd7465c742e79e1bb
Dec 01 17:23:11.890 INFO [stderr]                                at libstd/panicking.rs:211
Dec 01 17:23:11.890 INFO [stderr]    3:     0x55d37b26bab4 - std::panicking::default_hook::h9e3966f2aa2a6e12
Dec 01 17:23:11.890 INFO [stderr]                                at libstd/panicking.rs:227
Dec 01 17:23:11.890 INFO [stderr]    4:     0x55d37b26c37e - std::panicking::rust_panic_with_hook::h587f091ae747d080
Dec 01 17:23:11.890 INFO [stderr]                                at libstd/panicking.rs:476
Dec 01 17:23:11.890 INFO [stderr]    5:     0x55d37b23dee3 - std::panicking::begin_panic::h3cdb33aadd4ba46c
Dec 01 17:23:11.890 INFO [stderr]                                at libstd/panicking.rs:410
Dec 01 17:23:11.890 INFO [stderr]    6:     0x55d37b23bfb4 - build_script_build::main::hf707b40a95e32645
Dec 01 17:23:11.890 INFO [stderr]                                at /cargo-home/registry/src/github.com-1ecc6299db9ec823/rocket_codegen-0.3.17/build.rs:38
Dec 01 17:23:11.890 INFO [stderr]    7:     0x55d37b23e7cf - std::rt::lang_start::{{closure}}::h6448f073247729bf
Dec 01 17:23:11.890 INFO [stderr]                                at libstd/rt.rs:74
Dec 01 17:23:11.890 INFO [stderr]    8:     0x55d37b26bdf2 - std::panicking::try::do_call::h52e7f80ff0fdcc45
Dec 01 17:23:11.890 INFO [stderr]                                at libstd/rt.rs:59
Dec 01 17:23:11.891 INFO [stderr]                                at libstd/panicking.rs:310
Dec 01 17:23:11.891 INFO [stderr]    9:     0x55d37b27de39 - __rust_maybe_catch_panic
Dec 01 17:23:11.891 INFO [stderr]                                at libpanic_unwind/lib.rs:102
Dec 01 17:23:11.891 INFO [stderr]   10:     0x55d37b25bb0a - std::rt::lang_start_internal::h38cae898de7f805c
Dec 01 17:23:11.891 INFO [stderr]                                at libstd/panicking.rs:289
Dec 01 17:23:11.891 INFO [stderr]                                at libstd/panic.rs:392
Dec 01 17:23:11.891 INFO [stderr]                                at libstd/rt.rs:58
Dec 01 17:23:11.891 INFO [stderr]   11:     0x55d37b23e7a8 - std::rt::lang_start::h3a7d4f3d64909f8d
Dec 01 17:23:11.891 INFO [stderr]                                at libstd/rt.rs:74
Dec 01 17:23:11.891 INFO [stderr]   12:     0x55d37b23ce79 - main
Dec 01 17:23:11.891 INFO [stderr]   13:     0x7f7fdf0f582f - __libc_start_main
Dec 01 17:23:11.891 INFO [stderr]   14:     0x55d37b23b658 - _start
Dec 01 17:23:11.891 INFO [stderr]   15:                0x0 - <unknown>
Dec 01 17:23:11.891 INFO [stderr] 
Dec 01 17:23:11.891 INFO [stderr] warning: build failed, waiting for other jobs to finish...
Dec 01 17:23:22.971 INFO [stderr] error: build failed
Dec 01 17:23:22.971 INFO [stderr] su: No module specific data is present
Dec 01 17:23:23.400 INFO running `"docker" "inspect" "2a9d360f1d8551aca88286be8dfe3e9af9f6381c560b887bb1e36c410a599222"`
Dec 01 17:23:23.484 INFO running `"docker" "rm" "-f" "2a9d360f1d8551aca88286be8dfe3e9af9f6381c560b887bb1e36c410a599222"`
Dec 01 17:23:23.576 INFO [stdout] 2a9d360f1d8551aca88286be8dfe3e9af9f6381c560b887bb1e36c410a599222
